{"id":3642,"date":"2018-11-03T03:19:19","date_gmt":"2018-11-03T03:19:19","guid":{"rendered":"https:\/\/barberry.temashdesign.me\/furnituredemo\/?page_id=3642"},"modified":"2024-09-01T18:14:20","modified_gmt":"2024-09-01T16:14:20","slug":"contact","status":"publish","type":"page","link":"https:\/\/balsamodeldragon.com\/index.php\/contact\/","title":{"rendered":"Contact"},"content":{"rendered":"<section class=\"wpb-content-wrapper\"><p>[vc_row full_width=\u00bbstretch_row_content_no_spaces\u00bb full_height=\u00bbyes\u00bb columns_placement=\u00bbtop\u00bb content_placement=\u00bbtop\u00bb disable_element=\u00bbyes\u00bb css=\u00bb.vc_custom_1707142277558{background-color: #cecece !important;}\u00bb][vc_column offset=\u00bbvc_col-lg-8 vc_col-md-7&#8243; css=\u00bb.vc_custom_1688740835734{padding-top: 0px !important;background: #eeeeee url(http:\/\/balsamodeldragon.com\/wp-content\/uploads\/2023\/07\/contact-bg.jpg?id=3907) !important;background-position: center !important;background-repeat: no-repeat !important;background-size: cover !important;}\u00bb][vc_row_inner][vc_column_inner offset=\u00bbvc_hidden-sm vc_hidden-xs\u00bb][vc_empty_space height=\u00bb100vh\u00bb][\/vc_column_inner][\/vc_row_inner][vc_row_inner][vc_column_inner offset=\u00bbvc_hidden-lg vc_hidden-md\u00bb][vc_empty_space height=\u00bb45vh\u00bb][\/vc_column_inner][\/vc_row_inner][\/vc_column][vc_column offset=\u00bbvc_col-lg-4 vc_col-md-5&#8243;][vc_row_inner][vc_column_inner width=\u00bb1\/12&#8243;][\/vc_column_inner][vc_column_inner width=\u00bb5\/6&#8243; offset=\u00bbvc_hidden-sm vc_hidden-xs\u00bb][vc_empty_space height=\u00bb13vw\u00bb][\/vc_column_inner][vc_column_inner width=\u00bb1\/12&#8243;][\/vc_column_inner][\/vc_row_inner][vc_row_inner][vc_column_inner width=\u00bb1\/12&#8243;][\/vc_column_inner][vc_column_inner width=\u00bb5\/6&#8243; offset=\u00bbvc_hidden-lg vc_hidden-md\u00bb][vc_empty_space height=\u00bb10vw\u00bb][\/vc_column_inner][vc_column_inner width=\u00bb1\/12&#8243;][\/vc_column_inner][\/vc_row_inner][vc_row_inner][vc_column_inner width=\u00bb1\/6&#8243; offset=\u00bbvc_hidden-sm vc_hidden-xs\u00bb][\/vc_column_inner][vc_column_inner width=\u00bb3\/4&#8243; css=\u00bb.vc_custom_1541147549167{padding-left: 5% !important;}\u00bb][vc_custom_heading text=\u00bbContact FRANCE\u00bb font_container=\u00bbtag:h1|font_size:48px|text_align:left|color:%23000000|line_height:48px\u00bb google_fonts=\u00bbfont_family:Josefin%20Sans%3A100%2C100italic%2C300%2C300italic%2Cregular%2Citalic%2C600%2C600italic%2C700%2C700italic|font_style:700%20bold%20regular%3A700%3Anormal\u00bb][vc_empty_space height=\u00bb30px\u00bb][vc_custom_heading text=\u00bbNotre repr\u00e9sentant sur le march\u00e9 Fran\u00e7ais , Olivier Foloppe a 20 ans d&#8217;exp\u00e9rience en vente de compl\u00e9ments alimentaires et cosm\u00e9tiques en pharmacie , global business developer France et export (\u00e9tudes de commerce international ) , apporteur d&#8217;affaires , sourcing, n\u00e9gociation et prospection clients\/fournisseurs.\u00bb font_container=\u00bbtag:p|font_size:20px|text_align:left|color:%23000000|line_height:30px\u00bb use_theme_fonts=\u00bbyes\u00bb][vc_custom_heading text=\u00bbAddress\u00bb font_container=\u00bbtag:h3|font_size:24px|text_align:left|color:%23000000|line_height:30px\u00bb use_theme_fonts=\u00bbyes\u00bb css=\u00bb.vc_custom_1541153978299{margin-bottom: 5px !important;}\u00bb][vc_custom_heading text=\u00bb16 Boulevard Saint-Germain<br \/>\n75005 Paris,<br \/>\nFrance\u00bb font_container=\u00bbtag:p|font_size:20px|text_align:left|color:%23000000|line_height:30px\u00bb use_theme_fonts=\u00bbyes\u00bb][vc_empty_space height=\u00bb10px\u00bb][vc_custom_heading text=\u00bbEmail\u00bb font_container=\u00bbtag:h3|font_size:24px|text_align:left|color:%23000000|line_height:30px\u00bb use_theme_fonts=\u00bbyes\u00bb css=\u00bb.vc_custom_1541153984522{margin-bottom: 5px !important;}\u00bb][vc_custom_heading text=\u00bbinfo@barberry.com\u00bb font_container=\u00bbtag:p|font_size:20px|text_align:left|color:%23000000|line_height:30px\u00bb use_theme_fonts=\u00bbyes\u00bb][vc_empty_space height=\u00bb10px\u00bb][vc_custom_heading text=\u00bbTelephone\u00bb font_container=\u00bbtag:h3|font_size:24px|text_align:left|color:%23000000|line_height:30px\u00bb use_theme_fonts=\u00bbyes\u00bb css=\u00bb.vc_custom_1541153990642{margin-bottom: 5px !important;}\u00bb][vc_custom_heading text=\u00bb+ 33 661 014 925<br \/>\nmo \u2013 fri: 09:00 \u2013 17:00&#8243; font_container=\u00bbtag:p|font_size:20px|text_align:left|color:%23000000|line_height:30px\u00bb use_theme_fonts=\u00bbyes\u00bb][vc_empty_space height=\u00bb10px\u00bb][vc_separator color=\u00bbblack\u00bb align=\u00bbalign_left\u00bb border_width=\u00bb5&#8243; el_width=\u00bb20&#8243;][vc_empty_space height=\u00bb15px\u00bb]\n\n    <style>\n      \n    <\/style>\n\n\n\n    <div class=\"site-social-icons-shortcode social-id-614515796\">\n\n    <ul class=\"social-icons left\">\n\n                    <li class=\"facebook\">\n                <a target=\"_blank\" title=\"Facebook\" href=\"#\">\n                    <svg class=\"svg-icon\" viewBox=\"0 0 24 24\" enable-background=\"new 0 0 24 24\" xml:space=\"preserve\">\n                      <use x=\"0\" y=\"0\" xlink:href=\"#i-facebook\"><\/use>\n                    <\/svg> \n                    <span class=\"s-circle_bg\"><\/span>\n                <\/a>\n            <\/li>\n          \n\n                    <li class=\"twitter\">\n                <a target=\"_blank\" title=\"Twitter\" href=\"#\">\n                      <svg class=\"svg-icon\" viewBox=\"0 0 24 24\" enable-background=\"new 0 0 24 24\" xml:space=\"preserve\">\n                        <use x=\"0\" y=\"0\" xlink:href=\"#i-twitter\"><\/use>\n                      <\/svg> \n                    <span class=\"s-circle_bg\"><\/span>\n                <\/a>\n            <\/li>\n        \n                    <li class=\"pinterest\">\n                <a target=\"_blank\" title=\"Pinterest\" href=\"#\">\n                      <svg class=\"svg-icon\" viewBox=\"0 0 24 24\" enable-background=\"new 0 0 24 24\" xml:space=\"preserve\">\n                        <use x=\"0\" y=\"0\" xlink:href=\"#i-pinterest\"><\/use>\n                      <\/svg> \n                    <span class=\"s-circle_bg\"><\/span>\n                <\/a>\n            <\/li>\n        \n                    <li class=\"googleplus\">\n                <a target=\"_blank\" title=\"Google Plus\" href=\"#\">\n                      <svg class=\"svg-icon\" viewBox=\"0 0 24 24\" enable-background=\"new 0 0 24 24\" xml:space=\"preserve\">\n                        <use x=\"0\" y=\"0\" xlink:href=\"#i-googleplus\"><\/use>\n                      <\/svg> \n                    <span class=\"s-circle_bg\"><\/span>\n                <\/a>\n            <\/li>\n          \n        \n        \n                      \n\n        \n        \n        \n        \n\n        \n        \n        \n        \n        \n        \n        \n        \n        \n        \n        \n        \n        \n                \n         \n\n         \n    <\/ul>\n    <\/div>\n    \n    [\/vc_column_inner][vc_column_inner width=\u00bb1\/12&#8243;][\/vc_column_inner][\/vc_row_inner][\/vc_column][\/vc_row][vc_row full_width=\u00bbstretch_row_content_no_spaces\u00bb css=\u00bb.vc_custom_1707143011261{background-image: url(http:\/\/balsamodeldragon.com\/wp-content\/uploads\/2023\/07\/interior-blk.jpg?id=3911) !important;}\u00bb][vc_column][vc_empty_space height=\u00bb200px\u00bb][vc_empty_space height=\u00bb200px\u00bb][\/vc_column][\/vc_row][vc_row full_width=\u00bbstretch_row_content\u00bb gap=\u00bb10&#8243; content_placement=\u00bbtop\u00bb type=\u00bbboxed\u00bb columns_height=\u00bbadjust_cols_height\u00bb][vc_column width=\u00bb1\/4&#8243; css=\u00bb.vc_custom_1707300697827{background-color: #e8e8e8 !important;}\u00bb][vc_empty_space height=\u00bb30px\u00bb][vc_custom_heading text=\u00bbContacto<br \/>\nFRANCIA\u00bb font_container=\u00bbtag:h2|font_size:30px|text_align:left|color:%23000000|line_height:30px\u00bb google_fonts=\u00bbfont_family:Josefin%20Sans%3A100%2C100italic%2C300%2C300italic%2Cregular%2Citalic%2C600%2C600italic%2C700%2C700italic|font_style:700%20bold%20regular%3A700%3Anormal\u00bb][vc_empty_space height=\u00bb30px\u00bb][vc_custom_heading text=\u00bbStehelyn, Pierre Yves\u00bb font_container=\u00bbtag:h3|font_size:24px|text_align:left|color:%23000000|line_height:30px\u00bb use_theme_fonts=\u00bbyes\u00bb css=\u00bb.vc_custom_1725206885111{margin-bottom: 5px !important;}\u00bb][vc_custom_heading text=\u00bbDirector de un laboratorio de Medicina Tradicional China en B\u00e9lgica durante 10 a\u00f1os, Responsable de Calidad y Compras. Fundaci\u00f3n voluntaria BENEFYT. Creadora del portal medecine-traditionnelle-chinoise.eu para destacar a los actores de la medicina tradicional china. Responsable de desarrollo de negocio en laboratorio durante 3 a\u00f1os. Trabaja en recetas de b\u00e1lsamos durante m\u00e1s de 20 a\u00f1os y sus a\u00f1os de experiencia en China le permiten ofrecer un b\u00e1lsamo de calidad y marca propia.\u00bb font_container=\u00bbtag:p|font_size:20px|text_align:left|color:%23000000|line_height:30px\u00bb use_theme_fonts=\u00bbyes\u00bb][vc_custom_heading text=\u00bbEmail\u00bb font_container=\u00bbtag:h3|font_size:24px|text_align:left|color:%23000000|line_height:30px\u00bb use_theme_fonts=\u00bbyes\u00bb css=\u00bb.vc_custom_1541153984522{margin-bottom: 5px !important;}\u00bb][vc_custom_heading text=\u00bbcontact@baumedudragon.fr\u00bb font_container=\u00bbtag:p|font_size:20px|text_align:left|color:%23000000|line_height:30px\u00bb use_theme_fonts=\u00bbyes\u00bb][vc_empty_space height=\u00bb10px\u00bb][vc_custom_heading text=\u00bbTel\u00e9fono\u00bb font_container=\u00bbtag:h3|font_size:24px|text_align:left|color:%23000000|line_height:30px\u00bb use_theme_fonts=\u00bbyes\u00bb css=\u00bb.vc_custom_1710693478524{margin-bottom: 5px !important;}\u00bb][vc_custom_heading text=\u00bb(+33) 0641479526<br \/>\nLun- Vie: 09:00 \u2013 17:00&#8243; font_container=\u00bbtag:p|font_size:20px|text_align:left|color:%23000000|line_height:30px\u00bb use_theme_fonts=\u00bbyes\u00bb][vc_empty_space height=\u00bb10px\u00bb][vc_separator color=\u00bbblack\u00bb align=\u00bbalign_left\u00bb border_width=\u00bb5&#8243; el_width=\u00bb20&#8243;][vc_empty_space height=\u00bb15px\u00bb][\/vc_column][vc_column width=\u00bb1\/4&#8243;][vc_empty_space height=\u00bb30px\u00bb][vc_empty_space height=\u00bb30px\u00bb][vc_custom_heading text=\u00bbContacto<br \/>\nBENELUX\u00bb font_container=\u00bbtag:h2|font_size:30px|text_align:left|color:%23000000|line_height:30px\u00bb google_fonts=\u00bbfont_family:Josefin%20Sans%3A100%2C100italic%2C300%2C300italic%2Cregular%2Citalic%2C600%2C600italic%2C700%2C700italic|font_style:700%20bold%20regular%3A700%3Anormal\u00bb][vc_empty_space height=\u00bb30px\u00bb][vc_custom_heading text=\u00bbMr Francis Grandjean\u00bb font_container=\u00bbtag:h3|font_size:24px|text_align:left|color:%23000000|line_height:30px\u00bb use_theme_fonts=\u00bbyes\u00bb css=\u00bb.vc_custom_1707300295648{margin-bottom: 5px !important;}\u00bb][vc_custom_heading text=\u00bbNuestro representante en B\u00e9lgica y Luxemburgo, 30 a\u00f1os de experiencia en el mundo farmac\u00e9utico con UPSA, BMS, Biopathy y en servicios: agencia de comunicaci\u00f3n, grupo de farmac\u00e9uticos y consultor\u00eda.\u00bb font_container=\u00bbtag:p|font_size:20px|text_align:left|color:%23000000|line_height:30px\u00bb use_theme_fonts=\u00bbyes\u00bb][vc_custom_heading text=\u00bbEmail\u00bb font_container=\u00bbtag:h3|font_size:24px|text_align:left|color:%23000000|line_height:30px\u00bb use_theme_fonts=\u00bbyes\u00bb css=\u00bb.vc_custom_1541153984522{margin-bottom: 5px !important;}\u00bb][vc_custom_heading text=\u00bbbenelux@baumedudragon.fr\u00bb font_container=\u00bbtag:p|font_size:20px|text_align:left|color:%23000000|line_height:30px\u00bb use_theme_fonts=\u00bbyes\u00bb][vc_empty_space height=\u00bb10px\u00bb][vc_custom_heading text=\u00bbTel\u00e9fono\u00bb font_container=\u00bbtag:h3|font_size:24px|text_align:left|color:%23000000|line_height:30px\u00bb use_theme_fonts=\u00bbyes\u00bb css=\u00bb.vc_custom_1710693474527{margin-bottom: 5px !important;}\u00bb][vc_custom_heading text=\u00bb+32 474 404 592<br \/>\nLun- Vie: 09:00 \u2013 17:00&#8243; font_container=\u00bbtag:p|font_size:20px|text_align:left|color:%23000000|line_height:30px\u00bb use_theme_fonts=\u00bbyes\u00bb][vc_empty_space height=\u00bb10px\u00bb][vc_separator color=\u00bbblack\u00bb align=\u00bbalign_left\u00bb border_width=\u00bb5&#8243; el_width=\u00bb20&#8243;][vc_empty_space height=\u00bb15px\u00bb][\/vc_column][vc_column width=\u00bb1\/4&#8243; css=\u00bb.vc_custom_1707300705583{background-color: #e8e8e8 !important;}\u00bb][vc_empty_space height=\u00bb30px\u00bb][vc_custom_heading text=\u00bbContacto<br \/>\nAFRICA\u00bb font_container=\u00bbtag:h2|font_size:30px|text_align:left|color:%23000000|line_height:30px\u00bb google_fonts=\u00bbfont_family:Josefin%20Sans%3A100%2C100italic%2C300%2C300italic%2Cregular%2Citalic%2C600%2C600italic%2C700%2C700italic|font_style:700%20bold%20regular%3A700%3Anormal\u00bb][vc_empty_space height=\u00bb30px\u00bb][vc_custom_heading text=\u00bbMr Jhonony Goma\u00bb font_container=\u00bbtag:h3|font_size:24px|text_align:left|color:%23000000|line_height:30px\u00bb use_theme_fonts=\u00bbyes\u00bb css=\u00bb.vc_custom_1707300298283{margin-bottom: 5px !important;}\u00bb][vc_custom_heading text=\u00bbNuestro representante en el mercado africano es Doctor en Farmacia, con orientaci\u00f3n en industria, an\u00e1lisis y control de calidad.\u00bb font_container=\u00bbtag:p|font_size:20px|text_align:left|color:%23000000|line_height:30px\u00bb use_theme_fonts=\u00bbyes\u00bb][vc_empty_space height=\u00bb15px\u00bb][vc_custom_heading text=\u00bbEmail\u00bb font_container=\u00bbtag:h3|font_size:24px|text_align:left|color:%23000000|line_height:30px\u00bb use_theme_fonts=\u00bbyes\u00bb css=\u00bb.vc_custom_1541153984522{margin-bottom: 5px !important;}\u00bb][vc_custom_heading text=\u00bbafrique@baumedudragon.fr\u00bb font_container=\u00bbtag:p|font_size:20px|text_align:left|color:%23000000|line_height:30px\u00bb use_theme_fonts=\u00bbyes\u00bb][vc_empty_space height=\u00bb10px\u00bb][vc_custom_heading text=\u00bbTel\u00e9fono\u00bb font_container=\u00bbtag:h3|font_size:24px|text_align:left|color:%23000000|line_height:30px\u00bb use_theme_fonts=\u00bbyes\u00bb css=\u00bb.vc_custom_1710693482792{margin-bottom: 5px !important;}\u00bb][vc_custom_heading text=\u00bb+ 242 069 001 857<br \/>\nLun- Vie: 09:00 \u2013 17:00&#8243; font_container=\u00bbtag:p|font_size:20px|text_align:left|color:%23000000|line_height:30px\u00bb use_theme_fonts=\u00bbyes\u00bb][vc_empty_space height=\u00bb10px\u00bb][vc_separator color=\u00bbblack\u00bb align=\u00bbalign_left\u00bb border_width=\u00bb5&#8243; el_width=\u00bb20&#8243;][vc_empty_space height=\u00bb15px\u00bb][\/vc_column][vc_column width=\u00bb1\/4&#8243;][vc_empty_space height=\u00bb30px\u00bb][vc_empty_space height=\u00bb30px\u00bb][vc_custom_heading text=\u00bbContacto<br \/>\nESPA\u00d1A\u00bb font_container=\u00bbtag:h2|font_size:30px|text_align:left|color:%23000000|line_height:30px\u00bb google_fonts=\u00bbfont_family:Josefin%20Sans%3A100%2C100italic%2C300%2C300italic%2Cregular%2Citalic%2C600%2C600italic%2C700%2C700italic|font_style:700%20bold%20regular%3A700%3Anormal\u00bb][vc_empty_space height=\u00bb30px\u00bb][vc_custom_heading text=\u00bbMr David Guillard\u00bb font_container=\u00bbtag:h3|font_size:24px|text_align:left|color:%23000000|line_height:30px\u00bb use_theme_fonts=\u00bbyes\u00bb css=\u00bb.vc_custom_1707300301219{margin-bottom: 5px !important;}\u00bb][vc_custom_heading text=\u00bbNuestro representante en el mercado espa\u00f1ol, David Guillard, tiene 20 a\u00f1os de experiencia en creaci\u00f3n web y gr\u00e1fica.\u00bb font_container=\u00bbtag:p|font_size:20px|text_align:left|color:%23000000|line_height:30px\u00bb use_theme_fonts=\u00bbyes\u00bb][vc_empty_space height=\u00bb15px\u00bb][vc_custom_heading text=\u00bbEmail\u00bb font_container=\u00bbtag:h3|font_size:24px|text_align:left|color:%23000000|line_height:30px\u00bb use_theme_fonts=\u00bbyes\u00bb css=\u00bb.vc_custom_1541153984522{margin-bottom: 5px !important;}\u00bb][vc_custom_heading text=\u00bbespagne@baumedudragon.fr\u00bb font_container=\u00bbtag:p|font_size:20px|text_align:left|color:%23000000|line_height:30px\u00bb use_theme_fonts=\u00bbyes\u00bb][vc_empty_space height=\u00bb10px\u00bb][vc_custom_heading text=\u00bbTel\u00e9fono\u00bb font_container=\u00bbtag:h3|font_size:24px|text_align:left|color:%23000000|line_height:30px\u00bb use_theme_fonts=\u00bbyes\u00bb css=\u00bb.vc_custom_1710693487481{margin-bottom: 5px !important;}\u00bb][vc_custom_heading text=\u00bb+ 34 601 085 033<br \/>\nLun- Vie: 09:00 \u2013 17:00&#8243; font_container=\u00bbtag:p|font_size:20px|text_align:left|color:%23000000|line_height:30px\u00bb use_theme_fonts=\u00bbyes\u00bb][vc_empty_space height=\u00bb10px\u00bb][vc_separator color=\u00bbblack\u00bb align=\u00bbalign_left\u00bb border_width=\u00bb5&#8243; el_width=\u00bb20&#8243;][vc_empty_space height=\u00bb15px\u00bb][\/vc_column][\/vc_row]<\/p>\n<\/section>","protected":false},"excerpt":{"rendered":"<p>[vc_row full_width=\u00bbstretch_row_content_no_spaces\u00bb full_height=\u00bbyes\u00bb columns_placement=\u00bbtop\u00bb content_placement=\u00bbtop\u00bb disable_element=\u00bbyes\u00bb css=\u00bb.vc_custom_1707142277558{background-color: #cecece !important;}\u00bb][vc_column offset=\u00bbvc_col-lg-8 vc_col-md-7&#8243; css=\u00bb.vc_custom_1688740835734{padding-top: 0px !important;background: #eeeeee url(http:\/\/balsamodeldragon.com\/wp-content\/uploads\/2023\/07\/contact-bg.jpg?id=3907) !important;background-position: center !important;background-repeat: no-repeat\u2026<\/p>\n","protected":false},"author":1,"featured_media":0,"parent":0,"menu_order":0,"comment_status":"closed","ping_status":"closed","template":"","meta":{"footnotes":""},"class_list":["post-3642","page","type-page","status-publish","hentry"],"acf":[],"_links":{"self":[{"href":"https:\/\/balsamodeldragon.com\/index.php\/wp-json\/wp\/v2\/pages\/3642","targetHints":{"allow":["GET"]}}],"collection":[{"href":"https:\/\/balsamodeldragon.com\/index.php\/wp-json\/wp\/v2\/pages"}],"about":[{"href":"https:\/\/balsamodeldragon.com\/index.php\/wp-json\/wp\/v2\/types\/page"}],"author":[{"embeddable":true,"href":"https:\/\/balsamodeldragon.com\/index.php\/wp-json\/wp\/v2\/users\/1"}],"replies":[{"embeddable":true,"href":"https:\/\/balsamodeldragon.com\/index.php\/wp-json\/wp\/v2\/comments?post=3642"}],"version-history":[{"count":35,"href":"https:\/\/balsamodeldragon.com\/index.php\/wp-json\/wp\/v2\/pages\/3642\/revisions"}],"predecessor-version":[{"id":4168,"href":"https:\/\/balsamodeldragon.com\/index.php\/wp-json\/wp\/v2\/pages\/3642\/revisions\/4168"}],"wp:attachment":[{"href":"https:\/\/balsamodeldragon.com\/index.php\/wp-json\/wp\/v2\/media?parent=3642"}],"curies":[{"name":"wp","href":"https:\/\/api.w.org\/{rel}","templated":true}]}}