{"id":3658,"date":"2018-11-06T16:55:44","date_gmt":"2018-11-06T16:55:44","guid":{"rendered":"https:\/\/barberry.temashdesign.me\/furnituredemo\/?page_id=3658"},"modified":"2024-09-01T23:05:06","modified_gmt":"2024-09-01T21:05:06","slug":"home","status":"publish","type":"page","link":"https:\/\/balsamodeldragon.com\/","title":{"rendered":"Inicio"},"content":{"rendered":"<section class=\"wpb-content-wrapper\"><p>[vc_row][vc_column][rev_slider_vc alias=\u00bbproduct-showcase\u00bb][vc_empty_space][\/vc_column][\/vc_row][vc_row full_width=\u00bbstretch_row_content\u00bb][vc_column css=\u00bb.vc_custom_1725206549931{padding-right: 15% !important;padding-left: 15% !important;}\u00bb][vc_column_text]<\/p>\n<p align=\"center\"><iframe loading=\"lazy\" title=\"YouTube video player\" src=\"https:\/\/www.youtube.com\/embed\/5HM0MCEZ404?si=979qf88VJ1hDHPyf\" width=\"100%\" height=\"900\" frameborder=\"0\" allowfullscreen=\"allowfullscreen\"><\/iframe><\/p>\n<p>[\/vc_column_text][vc_empty_space][\/vc_column][\/vc_row][vc_row][vc_column][vc_empty_space][vc_row_inner equal_height=\u00bbyes\u00bb content_placement=\u00bbmiddle\u00bb][vc_column_inner width=\u00bb1\/2&#8243;][vc_single_image image=\u00bb4053&#8243; img_size=\u00bbfull\u00bb alignment=\u00bbcenter\u00bb css_animation=\u00bbfadeInUp\u00bb][\/vc_column_inner][vc_column_inner width=\u00bb1\/2&#8243;][vc_custom_heading text=\u00bbDespierta el Drag\u00f3n<br \/>\nque adormece en t\u00ed\u00bb font_container=\u00bbtag:h2|text_align:center\u00bb use_theme_fonts=\u00bbyes\u00bb css_animation=\u00bbfadeInUp\u00bb][vc_empty_space][vc_column_text css_animation=\u00bbfadeInUp\u00bb css=\u00bb.vc_custom_1710704616814{border-left-width: 1px !important;padding-left: 15px !important;border-left-color: #000000 !important;border-left-style: solid !important;}\u00bb]El B\u00e1lsamo del Drag\u00f3n Rojo es un producto que fue creado para ayudar a los deportistas a aliviar la tensi\u00f3n muscular y articular. Tambi\u00e9n es muy eficaz para calentar los m\u00fasculos antes o despu\u00e9s del ejercicio.<br \/>\nEl secreto de su fuerte efecto calentador reside en la sinergia de los aceites esenciales y su potent\u00edsimo principio activo, la Sangre de Drag\u00f3n.<br \/>\nLa sangre de drag\u00f3n es la savia del drago, que se encuentra principalmente en el sur de Asia y Am\u00e9rica Latina.[\/vc_column_text][\/vc_column_inner][\/vc_row_inner][vc_row_inner equal_height=\u00bbyes\u00bb content_placement=\u00bbmiddle\u00bb][vc_column_inner][vc_separator color=\u00bbblack\u00bb style=\u00bbdotted\u00bb el_width=\u00bb50&#8243; css_animation=\u00bbfadeIn\u00bb][\/vc_column_inner][\/vc_row_inner][vc_row_inner][vc_column_inner width=\u00bb1\/2&#8243;][vc_custom_heading text=\u00bbSangre de Drag\u00f3n\u00bb font_container=\u00bbtag:h2|text_align:center\u00bb use_theme_fonts=\u00bbyes\u00bb css_animation=\u00bbfadeInUp\u00bb][vc_empty_space][vc_column_text css_animation=\u00bbfadeInLeft\u00bb css=\u00bb.vc_custom_1710704425845{border-right-width: 1px !important;padding-right: 15px !important;border-right-color: #000000 !important;border-right-style: solid !important;}\u00bb]<\/p>\n<p style=\"text-align: right;\">La savia se recoge por vertido del octavo a\u00f1o del Drago, \u00fanicamente durante los periodos de fuertes lluvias, una o dos veces al a\u00f1o.<br \/>\nLa sangre de drago es un producto raro y costoso, pero es reconocida desde la Antig\u00fcedad en la medicina tradicional china y amaz\u00f3nica para la curaci\u00f3n de heridas, por su poder antimicrobiano, antiinflamatorio, analg\u00e9sico y su acci\u00f3n cicatrizante. Estas numerosas virtudes son reconocidas por estudios recientes.<br \/>\nRed Dragon Balm le permite beneficiarse de los beneficios de esta rara y poderosa savia para aliviar los dolores musculares y articulares.<\/p>\n<p>[\/vc_column_text][\/vc_column_inner][vc_column_inner width=\u00bb1\/2&#8243;][vc_single_image image=\u00bb4056&#8243; img_size=\u00bbfull\u00bb css_animation=\u00bbfadeInRight\u00bb][\/vc_column_inner][\/vc_row_inner][vc_row_inner][vc_column_inner][vc_empty_space][\/vc_column_inner][\/vc_row_inner][\/vc_column][\/vc_row][vc_row][vc_column][vc_row_inner][vc_column_inner width=\u00bb1\/6&#8243;][\/vc_column_inner][vc_column_inner width=\u00bb2\/3&#8243;][vc_custom_heading text=\u00bbOtros Ingredientes\u00bb font_container=\u00bbtag:h2|font_size:40px|text_align:center\u00bb use_theme_fonts=\u00bbyes\u00bb][vc_empty_space][vc_column_text css=\u00bb.vc_custom_1710704454045{border-left-width: 1px !important;padding-left: 15px !important;border-left-color: #000000 !important;border-left-style: solid !important;}\u00bb]Red Dragon Balm tambi\u00e9n contiene otros ingredientes naturales que tienen propiedades beneficiosas para los deportistas. A continuaci\u00f3n te dejamos una lista de estos ingredientes y sus principales propiedades:[\/vc_column_text][vc_empty_space][\/vc_column_inner][vc_column_inner width=\u00bb1\/6&#8243;][\/vc_column_inner][\/vc_row_inner][vc_row_inner equal_height=\u00bbyes\u00bb][vc_column_inner width=\u00bb1\/3&#8243;][vc_single_image image=\u00bb4074&#8243; img_size=\u00bbfull\u00bb alignment=\u00bbcenter\u00bb style=\u00bbvc_box_shadow_3d\u00bb][vc_custom_heading text=\u00bbAceite esencial de alcanfor:\u00bb font_container=\u00bbtag:h2|font_size:24px|text_align:center\u00bb use_theme_fonts=\u00bbyes\u00bb][vc_empty_space][vc_column_text]Este aceite es especialmente apreciado por deportistas y personas que padecen reumatismo para calmar los dolores musculares y reum\u00e1ticos. Tiene propiedades analg\u00e9sicas, antiinflamatorias y estimulantes.[\/vc_column_text][\/vc_column_inner][vc_column_inner width=\u00bb1\/3&#8243;][vc_single_image image=\u00bb4079&#8243; img_size=\u00bbfull\u00bb alignment=\u00bbcenter\u00bb style=\u00bbvc_box_shadow_3d\u00bb][vc_custom_heading text=\u00bbAceite esencial de mentol:\u00bb font_container=\u00bbtag:h2|font_size:24px|text_align:center\u00bb use_theme_fonts=\u00bbyes\u00bb][vc_empty_space][vc_column_text]Este aceite tiene propiedades analg\u00e9sicas mediante un \u201cefecto fr\u00edo\u201d que act\u00faa en casos de dolores musculares, articulares o accidentes cerebrovasculares. Drena, refresca y descongestiona. Por ello, se incluye en numerosos tratamientos dedicados a las piernas pesadas e hinchadas para un bienestar inmediato. Por otro lado, el mentol se caracteriza por tener funciones relajantes y, parad\u00f3jicamente, tonificantes y tonificantes.[\/vc_column_text][\/vc_column_inner][vc_column_inner width=\u00bb1\/3&#8243;][vc_single_image image=\u00bb4078&#8243; img_size=\u00bbfull\u00bb alignment=\u00bbcenter\u00bb style=\u00bbvc_box_shadow_3d\u00bb][vc_custom_heading text=\u00bbAceite esencial de menta arvensis:\u00bb font_container=\u00bbtag:h2|font_size:24px|text_align:center\u00bb use_theme_fonts=\u00bbyes\u00bb][vc_empty_space][vc_column_text]Este aceite tiene propiedades analg\u00e9sicas y anest\u00e9sicas locales. Estas mol\u00e9culas ayudan a reducir o incluso eliminar el dolor al inhibir la secreci\u00f3n de mol\u00e9culas responsables de la transmisi\u00f3n del dolor.[\/vc_column_text][\/vc_column_inner][\/vc_row_inner][vc_row_inner][vc_column_inner][vc_empty_space][\/vc_column_inner][\/vc_row_inner][vc_row_inner][vc_column_inner width=\u00bb1\/3&#8243;][vc_single_image image=\u00bb4077&#8243; img_size=\u00bbfull\u00bb alignment=\u00bbcenter\u00bb style=\u00bbvc_box_shadow_3d\u00bb][vc_custom_heading text=\u00bbAceite esencial de eucalipto globulus:\u00bb font_container=\u00bbtag:h2|font_size:24px|text_align:center\u00bb use_theme_fonts=\u00bbyes\u00bb][vc_empty_space][vc_column_text]Este aceite tiene propiedades antiinflamatorias y analg\u00e9sicas gracias al eucaliptol, provoca anestesia local por sensaci\u00f3n de fr\u00edo y es muy eficaz para bloquear el dolor inducido por la inflamaci\u00f3n.[\/vc_column_text][\/vc_column_inner][vc_column_inner width=\u00bb1\/3&#8243;][vc_single_image image=\u00bb4075&#8243; img_size=\u00bbfull\u00bb alignment=\u00bbcenter\u00bb style=\u00bbvc_box_shadow_3d\u00bb][vc_custom_heading text=\u00bbAceite esencial de canela china:\u00bb font_container=\u00bbtag:h2|font_size:24px|text_align:center\u00bb use_theme_fonts=\u00bbyes\u00bb][vc_empty_space][vc_column_text]Este aceite es conocido por sus propiedades t\u00f3nicas. Tambi\u00e9n tiene propiedades relajantes y antiinflamatorias, que pueden ayudar a aliviar los dolores musculares.[\/vc_column_text][\/vc_column_inner][vc_column_inner width=\u00bb1\/3&#8243;][vc_single_image image=\u00bb4076&#8243; img_size=\u00bbfull\u00bb alignment=\u00bbcenter\u00bb style=\u00bbvc_box_shadow_3d\u00bb][vc_custom_heading text=\u00bbAceite esencial de clavo:\u00bb font_container=\u00bbtag:h2|font_size:24px|text_align:center\u00bb use_theme_fonts=\u00bbyes\u00bb][vc_empty_space][vc_column_text]Este aceite es conocido por sus propiedades antiespasm\u00f3dicas y puede ayudar a calmar la tensi\u00f3n muscular y los dolores despu\u00e9s de una sesi\u00f3n deportiva intensa.[\/vc_column_text][\/vc_column_inner][\/vc_row_inner][vc_row_inner equal_height=\u00bbyes\u00bb content_placement=\u00bbmiddle\u00bb][vc_column_inner width=\u00bb1\/2&#8243;][vc_custom_heading text=\u00bbB\u00e1lsamo del Drag\u00f3n Blanco\u00bb font_container=\u00bbtag:h2|text_align:center\u00bb use_theme_fonts=\u00bbyes\u00bb css_animation=\u00bbfadeInUp\u00bb][vc_empty_space][vc_column_text css_animation=\u00bbfadeInUp\u00bb css=\u00bb.vc_custom_1710705398411{border-left-width: 1px !important;padding-left: 15px !important;border-left-color: #000000 !important;border-left-style: solid !important;}\u00bb]El b\u00e1lsamo de drag\u00f3n blanco es un producto que fue creado para aliviar diversas dolencias cotidianas y para deportistas. El secreto de su potent\u00edsimo efecto refrescante reside en la sinergia de estos aceites esenciales.<br \/>\nPuede utilizarse para aliviar dolores de cabeza, picaduras de insectos y para despejar las v\u00edas respiratorias. Tambi\u00e9n es muy eficaz para aliviar los dolores reum\u00e1ticos, en particular el \u00abcodo de tenista\u00bb, e ideal en la fase de recuperaci\u00f3n, para aliviar la tensi\u00f3n muscular.[\/vc_column_text][\/vc_column_inner][vc_column_inner width=\u00bb1\/2&#8243;][vc_single_image image=\u00bb4124&#8243; img_size=\u00bbfull\u00bb][\/vc_column_inner][\/vc_row_inner][vc_row_inner][vc_column_inner width=\u00bb1\/6&#8243;][\/vc_column_inner][vc_column_inner width=\u00bb2\/3&#8243;][vc_custom_heading text=\u00bbIngredientes\u00bb font_container=\u00bbtag:h2|font_size:40px|text_align:center\u00bb use_theme_fonts=\u00bbyes\u00bb][vc_empty_space][vc_column_text css=\u00bb.vc_custom_1710705435460{border-left-width: 1px !important;padding-left: 15px !important;border-left-color: #000000 !important;border-left-style: solid !important;}\u00bb]Los principales ingredientes naturales del B\u00e1lsamo de Drag\u00f3n Blanco son alcanfor, mentol, menta arvensis y eucalipto globulus.[\/vc_column_text][vc_empty_space][\/vc_column_inner][vc_column_inner width=\u00bb1\/6&#8243;][\/vc_column_inner][\/vc_row_inner][vc_row_inner equal_height=\u00bbyes\u00bb][vc_column_inner width=\u00bb1\/4&#8243;][vc_single_image image=\u00bb4074&#8243; img_size=\u00bbfull\u00bb alignment=\u00bbcenter\u00bb style=\u00bbvc_box_shadow_3d\u00bb][vc_custom_heading text=\u00bbAceite esencial de Alcanfor\u00bb font_container=\u00bbtag:h2|font_size:24px|text_align:center\u00bb use_theme_fonts=\u00bbyes\u00bb][vc_empty_space][vc_column_text]El alcanfor es conocido por sus propiedades estimulantes y tonificantes. Se recomienda para despejar las v\u00edas respiratorias y luchar contra los trastornos respiratorios. Tambi\u00e9n tiene propiedades analg\u00e9sicas, antiinflamatorias y puede usarse externamente para aliviar el dolor.[\/vc_column_text][\/vc_column_inner][vc_column_inner width=\u00bb1\/4&#8243;][vc_single_image image=\u00bb4079&#8243; img_size=\u00bbfull\u00bb alignment=\u00bbcenter\u00bb style=\u00bbvc_box_shadow_3d\u00bb][vc_custom_heading text=\u00bbAceite esencial de Mentol\u00bb font_container=\u00bbtag:h2|font_size:24px|text_align:center\u00bb use_theme_fonts=\u00bbyes\u00bb][vc_empty_space][vc_column_text]El mentol es muy refrescante y aporta una intensa sensaci\u00f3n de frescor. Se utiliza para aliviar los dolores musculares gracias a su acci\u00f3n antiinflamatoria. Tambi\u00e9n es un descongestionante respiratorio y puede inhalarse para beneficiarse de \u00e9l. El mentol tambi\u00e9n tiene propiedades relajantes, tonificantes y tonificantes, lo que lo convierte en un ingrediente apreciado por los deportistas para aliviar la tensi\u00f3n muscular.[\/vc_column_text][\/vc_column_inner][vc_column_inner width=\u00bb1\/4&#8243;][vc_single_image image=\u00bb4078&#8243; img_size=\u00bbfull\u00bb alignment=\u00bbcenter\u00bb style=\u00bbvc_box_shadow_3d\u00bb][vc_custom_heading text=\u00bbAceite esencial de menta arvensis\u00bb font_container=\u00bbtag:h2|font_size:24px|text_align:center\u00bb use_theme_fonts=\u00bbyes\u00bb][vc_empty_space][vc_column_text]La menta Arvensis es t\u00f3nica, estimulante de los nervios y antimigra\u00f1a. Favorece la digesti\u00f3n y es estupendo para descongestionar las mucosas. Tambi\u00e9n tiene propiedades anest\u00e9sicas, analg\u00e9sicas y antipruriginosas gracias a su efecto fr\u00edo, que ayuda a calmar el picor.[\/vc_column_text][\/vc_column_inner][vc_column_inner width=\u00bb1\/4&#8243;][vc_single_image image=\u00bb4077&#8243; img_size=\u00bbfull\u00bb alignment=\u00bbcenter\u00bb style=\u00bbvc_box_shadow_3d\u00bb][vc_custom_heading text=\u00bbAceite esencial de eucalyptus globulus\u00bb font_container=\u00bbtag:h2|font_size:24px|text_align:center\u00bb use_theme_fonts=\u00bbyes\u00bb][vc_empty_space][vc_column_text]Eucalyptus globulus tiene propiedades mucol\u00edticas, lo que significa que disminuye la viscosidad de la mucosidad y ayuda a combatir la tos y la congesti\u00f3n nasal. Cuando se aplica sobre la piel, ayuda a aliviar los dolores inflamatorios como la artritis y el reumatismo.[\/vc_column_text][\/vc_column_inner][\/vc_row_inner][\/vc_column][\/vc_row][vc_row][vc_column css_animation=\u00bbnone\u00bb][vc_custom_heading text=\u00bbProductos\u00bb font_container=\u00bbtag:h3|text_align:center\u00bb use_theme_fonts=\u00bbyes\u00bb css_animation=\u00bbnone\u00bb][vc_column_text css_animation=\u00bbnone\u00bb]<\/p>\n<p style=\"text-align: center;\"><span style=\"color: #666666;\">B\u00e1lsamo del Drag\u00f3n<\/span><\/p>\n<p>[\/vc_column_text]<div class=\"woocommerce columns-4 \"><div class=\"grid-container\">\n\t<div class=\"grid-x grid-margin-x\">\n\t\t<div class=\"cell large-12\">\n\t\t\t<ul class=\"products columns-4 category-grid-layout-2 product-grid-layout-2 \">\n\n<li class=\"product type-product post-3956 status-publish first instock product_cat-balsamo-del-dragon-blanco has-post-thumbnail shipping-taxable purchasable product-type-simple\">\n\t<a href=\"https:\/\/balsamodeldragon.com\/index.php\/producto\/balsamo-del-dragon-blanco-30gr\/\" class=\"woocommerce-LoopProduct-link woocommerce-loop-product__link\">\n\t<div class=\"product-inner\">\n\n\n\t\t<div class=\"product-image\">\n\t\t\t<img loading=\"lazy\" decoding=\"async\" width=\"400\" height=\"480\" src=\"https:\/\/balsamodeldragon.com\/wp-content\/uploads\/2024\/02\/blanc-19gr-400x480.jpg\" class=\"attachment-woocommerce_thumbnail size-woocommerce_thumbnail\" alt=\"\" \/>\t\t<\/div>\n\n\t\t<div class=\"product-details-wrapper\">\n\n\t\t\t<div class=\"product-details\">\n\n\n\t\t\t\t<h2 class=\"woocommerce-loop-product__title\">B\u00e1lsamo del Drag\u00f3n Blanco 30gr<\/h2>\n\t<span class=\"price\"><span class=\"amount\"><span class=\"woocommerce-Price-amount amount\"><bdi>9<sup>.95<span class=\"woocommerce-Price-currencySymbol\">&euro;<\/span><\/bdi><\/span><\/sup><\/span><\/span>\n<\/a>\n\t\t\t<\/div>\n\n\t\t<\/div>\n\n\t<\/div>\n\n<\/li>\n\n<li class=\"product type-product post-3951 status-publish instock product_cat-balsamo-del-dragon-blanco has-post-thumbnail shipping-taxable purchasable product-type-simple\">\n\t<a href=\"https:\/\/balsamodeldragon.com\/index.php\/producto\/balsamo-del-dragon-blanco-19gr\/\" class=\"woocommerce-LoopProduct-link woocommerce-loop-product__link\">\n\t<div class=\"product-inner\">\n\n\n\t\t<div class=\"product-image\">\n\t\t\t<img loading=\"lazy\" decoding=\"async\" width=\"400\" height=\"480\" src=\"https:\/\/balsamodeldragon.com\/wp-content\/uploads\/2024\/02\/blanc-19gr-400x480.jpg\" class=\"attachment-woocommerce_thumbnail size-woocommerce_thumbnail\" alt=\"\" \/>\t\t<\/div>\n\n\t\t<div class=\"product-details-wrapper\">\n\n\t\t\t<div class=\"product-details\">\n\n\n\t\t\t\t<h2 class=\"woocommerce-loop-product__title\">B\u00e1lsamo del Drag\u00f3n Blanco 19gr<\/h2>\n\t<span class=\"price\"><span class=\"amount\"><span class=\"woocommerce-Price-amount amount\"><bdi>6<sup>.95<span class=\"woocommerce-Price-currencySymbol\">&euro;<\/span><\/bdi><\/span><\/sup><\/span><\/span>\n<\/a>\n\t\t\t<\/div>\n\n\t\t<\/div>\n\n\t<\/div>\n\n<\/li>\n\n<li class=\"product type-product post-3946 status-publish instock product_cat-balsamo-del-dragon-rojo has-post-thumbnail shipping-taxable purchasable product-type-simple\">\n\t<a href=\"https:\/\/balsamodeldragon.com\/index.php\/producto\/baume-rouge-30gr\/\" class=\"woocommerce-LoopProduct-link woocommerce-loop-product__link\">\n\t<div class=\"product-inner\">\n\n\n\t\t<div class=\"product-image\">\n\t\t\t<img loading=\"lazy\" decoding=\"async\" width=\"400\" height=\"480\" src=\"https:\/\/balsamodeldragon.com\/wp-content\/uploads\/2024\/02\/rouge-30gr-400x480.jpg\" class=\"attachment-woocommerce_thumbnail size-woocommerce_thumbnail\" alt=\"\" \/>\t\t<\/div>\n\n\t\t<div class=\"product-details-wrapper\">\n\n\t\t\t<div class=\"product-details\">\n\n\n\t\t\t\t<h2 class=\"woocommerce-loop-product__title\">Baume du dragon rouge 30gr<\/h2>\n\t<span class=\"price\"><span class=\"amount\"><span class=\"woocommerce-Price-amount amount\"><bdi>9<sup>.95<span class=\"woocommerce-Price-currencySymbol\">&euro;<\/span><\/bdi><\/span><\/sup><\/span><\/span>\n<\/a>\n\t\t\t<\/div>\n\n\t\t<\/div>\n\n\t<\/div>\n\n<\/li>\n\n<li class=\"product type-product post-3403 status-publish last instock product_cat-balsamo-del-dragon-rojo has-post-thumbnail shipping-taxable purchasable product-type-simple\">\n\t<a href=\"https:\/\/balsamodeldragon.com\/index.php\/producto\/baume-rouge-19gr\/\" class=\"woocommerce-LoopProduct-link woocommerce-loop-product__link\">\n\t<div class=\"product-inner\">\n\n\n\t\t<div class=\"product-image\">\n\t\t\t<img loading=\"lazy\" decoding=\"async\" width=\"400\" height=\"480\" src=\"https:\/\/balsamodeldragon.com\/wp-content\/uploads\/2018\/10\/rouge-19gr-400x480.jpg\" class=\"attachment-woocommerce_thumbnail size-woocommerce_thumbnail\" alt=\"\" \/>\t\t<\/div>\n\n\t\t<div class=\"product-details-wrapper\">\n\n\t\t\t<div class=\"product-details\">\n\n\n\t\t\t\t<h2 class=\"woocommerce-loop-product__title\">Baume du dragon rouge 19gr<\/h2>\n\t<span class=\"price\"><span class=\"amount\"><span class=\"woocommerce-Price-amount amount\"><bdi>6<sup>.95<span class=\"woocommerce-Price-currencySymbol\">&euro;<\/span><\/bdi><\/span><\/sup><\/span><\/span>\n<\/a>\n\t\t\t<\/div>\n\n\t\t<\/div>\n\n\t<\/div>\n\n<\/li>\n\t\t\t<\/ul>\n\t\t<\/div><!-- .cell -->\n    <\/div><!-- .grid-x -->\n<\/div><!-- .grid-container --><\/div>[\/vc_column][\/vc_row][vc_row][vc_column width=\u00bb1\/6&#8243;][\/vc_column][vc_column width=\u00bb2\/3&#8243;][vc_column_text]<\/p>\n<h2 class=\"p1\" style=\"text-align: center;\">Crea una cuenta profesional<\/h2>\n<p>\u00bfEres profesional y te gustar\u00eda tener acceso a nuestras tarifas preferenciales as\u00ed como a nuestro cat\u00e1logo completo? Env\u00edenos una solicitud para crear una cuenta profesional.[\/vc_column_text]<style>body:not(.is-mobile) .b-button-1474941371 a.button:hover {border-color: #000000;color: #000000;}<\/style><div class=\"barberry-button-container b-button_center b-button-1474941371\"><a href=\"https:\/\/balsamodeldragon.com\/index.php\/espacio-pro\/\" class=\"b-button_normal button\" target=\"\" rel=\"\" title=\"Espacio PRO\" style=\"background-color:#000000;border-color:#000000\">Crear una Cuenta<\/a><\/div>\r\n    \r\n    \r\n    [\/vc_column][vc_column width=\u00bb1\/6&#8243;][\/vc_column][\/vc_row]<\/p>\n<\/section>","protected":false},"excerpt":{"rendered":"<p>[vc_row][vc_column][rev_slider_vc alias=\u00bbproduct-showcase\u00bb][vc_empty_space][\/vc_column][\/vc_row][vc_row full_width=\u00bbstretch_row_content\u00bb][vc_column css=\u00bb.vc_custom_1725206549931{padding-right: 15% !important;padding-left: 15% !important;}\u00bb][vc_column_text] [\/vc_column_text][vc_empty_space][\/vc_column][\/vc_row][vc_row][vc_column][vc_empty_space][vc_row_inner equal_height=\u00bbyes\u00bb content_placement=\u00bbmiddle\u00bb][vc_column_inner width=\u00bb1\/2&#8243;][vc_single_image image=\u00bb4053&#8243; img_size=\u00bbfull\u00bb alignment=\u00bbcenter\u00bb css_animation=\u00bbfadeInUp\u00bb][\/vc_column_inner][vc_column_inner width=\u00bb1\/2&#8243;][vc_custom_heading text=\u00bbDespierta el Drag\u00f3n\u2026<\/p>\n","protected":false},"author":1,"featured_media":0,"parent":0,"menu_order":0,"comment_status":"closed","ping_status":"closed","template":"","meta":{"footnotes":""},"class_list":["post-3658","page","type-page","status-publish","hentry"],"acf":[],"_links":{"self":[{"href":"https:\/\/balsamodeldragon.com\/index.php\/wp-json\/wp\/v2\/pages\/3658","targetHints":{"allow":["GET"]}}],"collection":[{"href":"https:\/\/balsamodeldragon.com\/index.php\/wp-json\/wp\/v2\/pages"}],"about":[{"href":"https:\/\/balsamodeldragon.com\/index.php\/wp-json\/wp\/v2\/types\/page"}],"author":[{"embeddable":true,"href":"https:\/\/balsamodeldragon.com\/index.php\/wp-json\/wp\/v2\/users\/1"}],"replies":[{"embeddable":true,"href":"https:\/\/balsamodeldragon.com\/index.php\/wp-json\/wp\/v2\/comments?post=3658"}],"version-history":[{"count":57,"href":"https:\/\/balsamodeldragon.com\/index.php\/wp-json\/wp\/v2\/pages\/3658\/revisions"}],"predecessor-version":[{"id":4172,"href":"https:\/\/balsamodeldragon.com\/index.php\/wp-json\/wp\/v2\/pages\/3658\/revisions\/4172"}],"wp:attachment":[{"href":"https:\/\/balsamodeldragon.com\/index.php\/wp-json\/wp\/v2\/media?parent=3658"}],"curies":[{"name":"wp","href":"https:\/\/api.w.org\/{rel}","templated":true}]}}